{"id":1346,"date":"2021-03-29T07:04:06","date_gmt":"2021-03-29T07:04:06","guid":{"rendered":"https:\/\/staging.fa-weilheim.de\/var\/www\/html\/?page_id=1346"},"modified":"2025-01-28T20:28:36","modified_gmt":"2025-01-28T20:28:36","slug":"home","status":"publish","type":"page","link":"https:\/\/staging.fa-weilheim.de\/var\/www\/html\/","title":{"rendered":"Home"},"content":{"rendered":"\t\t<div data-elementor-type=\"wp-page\" data-elementor-id=\"1346\" class=\"elementor elementor-1346\" data-elementor-post-type=\"page\">\n\t\t\t\t\t\t<section class=\"elementor-section elementor-top-section elementor-element elementor-element-74d65d5 elementor-section-full_width elementor-section-height-default elementor-section-height-default\" data-id=\"74d65d5\" data-element_type=\"section\" data-e-type=\"section\" data-settings=\"{&quot;background_background&quot;:&quot;gradient&quot;}\">\n\t\t\t\t\t\t\t<div class=\"elementor-background-overlay\"><\/div>\n\t\t\t\t\t\t\t<div class=\"elementor-container elementor-column-gap-no\">\n\t\t\t\t\t<div class=\"elementor-column elementor-col-100 elementor-top-column elementor-element elementor-element-e00d511\" data-id=\"e00d511\" data-element_type=\"column\" data-e-type=\"column\">\n\t\t\t<div class=\"elementor-widget-wrap elementor-element-populated\">\n\t\t\t\t\t\t<section class=\"elementor-section elementor-inner-section elementor-element elementor-element-6845297 elementor-section-boxed elementor-section-height-default elementor-section-height-default\" data-id=\"6845297\" data-element_type=\"section\" data-e-type=\"section\">\n\t\t\t\t\t\t<div class=\"elementor-container elementor-column-gap-no\">\n\t\t\t\t\t<div class=\"elementor-column elementor-col-100 elementor-inner-column elementor-element elementor-element-4cdd915\" data-id=\"4cdd915\" data-element_type=\"column\" data-e-type=\"column\">\n\t\t\t<div class=\"elementor-widget-wrap elementor-element-populated\">\n\t\t\t\t\t\t<div class=\"elementor-element elementor-element-5dae93c elementor-widget__width-initial elementor-widget elementor-widget-heading\" data-id=\"5dae93c\" data-element_type=\"widget\" data-e-type=\"widget\" data-widget_type=\"heading.default\">\n\t\t\t\t<div class=\"elementor-widget-container\">\n\t\t\t\t\t<h3 class=\"elementor-heading-title elementor-size-default\">Willkommen beim<\/h3>\t\t\t\t<\/div>\n\t\t\t\t<\/div>\n\t\t\t\t<div class=\"elementor-element elementor-element-6aaa8bc elementor-widget__width-initial elementor-widget elementor-widget-heading\" data-id=\"6aaa8bc\" data-element_type=\"widget\" data-e-type=\"widget\" data-widget_type=\"heading.default\">\n\t\t\t\t<div class=\"elementor-widget-container\">\n\t\t\t\t\t<h1 class=\"elementor-heading-title elementor-size-xxl\">S.K.C Frischauf Weilheim\n<\/h1>\t\t\t\t<\/div>\n\t\t\t\t<\/div>\n\t\t\t\t<div class=\"elementor-element elementor-element-89e11a3 elementor-widget elementor-widget-heading\" data-id=\"89e11a3\" data-element_type=\"widget\" data-e-type=\"widget\" data-widget_type=\"heading.default\">\n\t\t\t\t<div class=\"elementor-widget-container\">\n\t\t\t\t\t<h4 class=\"elementor-heading-title elementor-size-default\">Wir sind ein traditionsreicher Klub aus Weilheim in Oberbayern. Wir bitten sportlich Aktivit\u00e4t mit famili\u00e4ren Umgang mit Regeln m\u00e4\u00dfigen Training und Teilnahme an Wettk\u00e4mpfen und Turnieren.<\/h4>\t\t\t\t<\/div>\n\t\t\t\t<\/div>\n\t\t\t\t<div class=\"elementor-element elementor-element-7dbd7f0 elementor-tablet-align-center elementor-mobile-align-center elementor-widget elementor-widget-button\" data-id=\"7dbd7f0\" data-element_type=\"widget\" data-e-type=\"widget\" data-widget_type=\"button.default\">\n\t\t\t\t<div class=\"elementor-widget-container\">\n\t\t\t\t\t\t\t\t\t<div class=\"elementor-button-wrapper\">\n\t\t\t\t\t<a class=\"elementor-button elementor-button-link elementor-size-sm\" href=\"#\">\n\t\t\t\t\t\t<span class=\"elementor-button-content-wrapper\">\n\t\t\t\t\t\t\t\t\t<span class=\"elementor-button-text\">Mehr \u00dcber Uns<\/span>\n\t\t\t\t\t<\/span>\n\t\t\t\t\t<\/a>\n\t\t\t\t<\/div>\n\t\t\t\t\t\t\t\t<\/div>\n\t\t\t\t<\/div>\n\t\t\t\t\t<\/div>\n\t\t<\/div>\n\t\t\t\t\t<\/div>\n\t\t<\/section>\n\t\t\t\t<section class=\"elementor-section elementor-inner-section elementor-element elementor-element-9011fe6 elementor-section-full_width elementor-section-height-default elementor-section-height-default\" data-id=\"9011fe6\" data-element_type=\"section\" data-e-type=\"section\">\n\t\t\t\t\t\t<div class=\"elementor-container elementor-column-gap-no\">\n\t\t\t\t\t<div class=\"elementor-column elementor-col-25 elementor-inner-column elementor-element elementor-element-5baf80b\" data-id=\"5baf80b\" data-element_type=\"column\" data-e-type=\"column\">\n\t\t\t<div class=\"elementor-widget-wrap elementor-element-populated\">\n\t\t\t\t\t\t<div class=\"elementor-element elementor-element-15aa4ad elementor-invisible elementor-widget elementor-widget-image\" data-id=\"15aa4ad\" data-element_type=\"widget\" data-e-type=\"widget\" data-settings=\"{&quot;_animation&quot;:&quot;fadeInLeft&quot;,&quot;_animation_delay&quot;:200}\" data-widget_type=\"image.default\">\n\t\t\t\t<div class=\"elementor-widget-container\">\n\t\t\t\t\t\t\t\t\t\t\t\t\t\t\t<img fetchpriority=\"high\" decoding=\"async\" width=\"1600\" height=\"1066\" src=\"https:\/\/staging.fa-weilheim.de\/wp-content\/uploads\/2023\/08\/WhatsApp-Bild-2023-08-16-um-12.22.03.jpg1_.jpg\" class=\"attachment-full size-full wp-image-1374\" alt=\"\" srcset=\"https:\/\/staging.fa-weilheim.de\/wp-content\/uploads\/2023\/08\/WhatsApp-Bild-2023-08-16-um-12.22.03.jpg1_.jpg 1600w, https:\/\/staging.fa-weilheim.de\/wp-content\/uploads\/2023\/08\/WhatsApp-Bild-2023-08-16-um-12.22.03.jpg1_-300x200.jpg 300w, https:\/\/staging.fa-weilheim.de\/wp-content\/uploads\/2023\/08\/WhatsApp-Bild-2023-08-16-um-12.22.03.jpg1_-1024x682.jpg 1024w, https:\/\/staging.fa-weilheim.de\/wp-content\/uploads\/2023\/08\/WhatsApp-Bild-2023-08-16-um-12.22.03.jpg1_-768x512.jpg 768w, https:\/\/staging.fa-weilheim.de\/wp-content\/uploads\/2023\/08\/WhatsApp-Bild-2023-08-16-um-12.22.03.jpg1_-1536x1023.jpg 1536w\" sizes=\"(max-width: 1600px) 100vw, 1600px\" \/>\t\t\t\t\t\t\t\t\t\t\t\t\t\t\t<\/div>\n\t\t\t\t<\/div>\n\t\t\t\t\t<\/div>\n\t\t<\/div>\n\t\t\t\t<div class=\"elementor-column elementor-col-25 elementor-inner-column elementor-element elementor-element-d7e5543\" data-id=\"d7e5543\" data-element_type=\"column\" data-e-type=\"column\">\n\t\t\t<div class=\"elementor-widget-wrap elementor-element-populated\">\n\t\t\t\t\t\t<div class=\"elementor-element elementor-element-6e56b73 elementor-invisible elementor-widget elementor-widget-image\" data-id=\"6e56b73\" data-element_type=\"widget\" data-e-type=\"widget\" data-settings=\"{&quot;_animation&quot;:&quot;fadeInUp&quot;,&quot;_animation_delay&quot;:400}\" data-widget_type=\"image.default\">\n\t\t\t\t<div class=\"elementor-widget-container\">\n\t\t\t\t\t\t\t\t\t\t\t\t\t\t\t<img decoding=\"async\" width=\"1600\" height=\"1066\" src=\"https:\/\/staging.fa-weilheim.de\/wp-content\/uploads\/2023\/08\/WhatsApp-Bild-2023-08-16-um-12.21.37-1.jpg\" class=\"attachment-full size-full wp-image-1371\" alt=\"\" srcset=\"https:\/\/staging.fa-weilheim.de\/wp-content\/uploads\/2023\/08\/WhatsApp-Bild-2023-08-16-um-12.21.37-1.jpg 1600w, https:\/\/staging.fa-weilheim.de\/wp-content\/uploads\/2023\/08\/WhatsApp-Bild-2023-08-16-um-12.21.37-1-300x200.jpg 300w, https:\/\/staging.fa-weilheim.de\/wp-content\/uploads\/2023\/08\/WhatsApp-Bild-2023-08-16-um-12.21.37-1-1024x682.jpg 1024w, https:\/\/staging.fa-weilheim.de\/wp-content\/uploads\/2023\/08\/WhatsApp-Bild-2023-08-16-um-12.21.37-1-768x512.jpg 768w, https:\/\/staging.fa-weilheim.de\/wp-content\/uploads\/2023\/08\/WhatsApp-Bild-2023-08-16-um-12.21.37-1-1536x1023.jpg 1536w\" sizes=\"(max-width: 1600px) 100vw, 1600px\" \/>\t\t\t\t\t\t\t\t\t\t\t\t\t\t\t<\/div>\n\t\t\t\t<\/div>\n\t\t\t\t\t<\/div>\n\t\t<\/div>\n\t\t\t\t<div class=\"elementor-column elementor-col-50 elementor-inner-column elementor-element elementor-element-04549de\" data-id=\"04549de\" data-element_type=\"column\" data-e-type=\"column\">\n\t\t\t<div class=\"elementor-widget-wrap elementor-element-populated\">\n\t\t\t\t\t\t<div class=\"elementor-element elementor-element-80c683a elementor-widget-tablet__width-initial elementor-invisible elementor-widget elementor-widget-image\" data-id=\"80c683a\" data-element_type=\"widget\" data-e-type=\"widget\" data-settings=\"{&quot;_animation&quot;:&quot;fadeInRight&quot;,&quot;_animation_delay&quot;:600}\" data-widget_type=\"image.default\">\n\t\t\t\t<div class=\"elementor-widget-container\">\n\t\t\t\t\t\t\t\t\t\t\t\t\t\t\t<img decoding=\"async\" width=\"1600\" height=\"1066\" src=\"https:\/\/staging.fa-weilheim.de\/wp-content\/uploads\/2023\/08\/WhatsApp-Bild-2023-08-16-um-12.23.51.jpg\" class=\"attachment-full size-full wp-image-1373\" alt=\"\" srcset=\"https:\/\/staging.fa-weilheim.de\/wp-content\/uploads\/2023\/08\/WhatsApp-Bild-2023-08-16-um-12.23.51.jpg 1600w, https:\/\/staging.fa-weilheim.de\/wp-content\/uploads\/2023\/08\/WhatsApp-Bild-2023-08-16-um-12.23.51-300x200.jpg 300w, https:\/\/staging.fa-weilheim.de\/wp-content\/uploads\/2023\/08\/WhatsApp-Bild-2023-08-16-um-12.23.51-1024x682.jpg 1024w, https:\/\/staging.fa-weilheim.de\/wp-content\/uploads\/2023\/08\/WhatsApp-Bild-2023-08-16-um-12.23.51-768x512.jpg 768w, https:\/\/staging.fa-weilheim.de\/wp-content\/uploads\/2023\/08\/WhatsApp-Bild-2023-08-16-um-12.23.51-1536x1023.jpg 1536w\" sizes=\"(max-width: 1600px) 100vw, 1600px\" \/>\t\t\t\t\t\t\t\t\t\t\t\t\t\t\t<\/div>\n\t\t\t\t<\/div>\n\t\t\t\t\t<\/div>\n\t\t<\/div>\n\t\t\t\t\t<\/div>\n\t\t<\/section>\n\t\t\t\t\t<\/div>\n\t\t<\/div>\n\t\t\t\t\t<\/div>\n\t\t<\/section>\n\t\t\t\t<\/div>\n\t\t","protected":false},"excerpt":{"rendered":"<p>Willkommen beim S.K.C Frischauf Weilheim Wir sind ein traditionsreicher Klub aus Weilheim in Oberbayern. Wir bitten sportlich Aktivit\u00e4t mit famili\u00e4ren Umgang mit Regeln m\u00e4\u00dfigen Training und Teilnahme an Wettk\u00e4mpfen und Turnieren. Mehr \u00dcber Uns<\/p>\n","protected":false},"author":2,"featured_media":0,"parent":0,"menu_order":0,"comment_status":"closed","ping_status":"closed","template":"","meta":{"inline_featured_image":false,"site-sidebar-layout":"no-sidebar","site-content-layout":"page-builder","ast-site-content-layout":"full-width-container","site-content-style":"unboxed","site-sidebar-style":"unboxed","ast-global-header-display":"","ast-banner-title-visibility":"","ast-main-header-display":"","ast-hfb-above-header-display":"","ast-hfb-below-header-display":"","ast-hfb-mobile-header-display":"","site-post-title":"disabled","ast-breadcrumbs-content":"disabled","ast-featured-img":"disabled","footer-sml-layout":"","ast-disable-related-posts":"","theme-transparent-header-meta":"enabled","adv-header-id-meta":"","stick-header-meta":"","header-above-stick-meta":"","header-main-stick-meta":"","header-below-stick-meta":"","astra-migrate-meta-layouts":"set","ast-page-background-enabled":"default","ast-page-background-meta":{"desktop":{"background-color":"","background-image":"","background-repeat":"repeat","background-position":"center center","background-size":"auto","background-attachment":"scroll","background-type":"","background-media":"","overlay-type":"","overlay-color":"","overlay-opacity":"","overlay-gradient":""},"tablet":{"background-color":"","background-image":"","background-repeat":"repeat","background-position":"center center","background-size":"auto","background-attachment":"scroll","background-type":"","background-media":"","overlay-type":"","overlay-color":"","overlay-opacity":"","overlay-gradient":""},"mobile":{"background-color":"","background-image":"","background-repeat":"repeat","background-position":"center center","background-size":"auto","background-attachment":"scroll","background-type":"","background-media":"","overlay-type":"","overlay-color":"","overlay-opacity":"","overlay-gradient":""}},"ast-content-background-meta":{"desktop":{"background-color":"var(--ast-global-color-5)","background-image":"","background-repeat":"repeat","background-position":"center center","background-size":"auto","background-attachment":"scroll","background-type":"","background-media":"","overlay-type":"","overlay-color":"","overlay-opacity":"","overlay-gradient":""},"tablet":{"background-color":"var(--ast-global-color-5)","background-image":"","background-repeat":"repeat","background-position":"center center","background-size":"auto","background-attachment":"scroll","background-type":"","background-media":"","overlay-type":"","overlay-color":"","overlay-opacity":"","overlay-gradient":""},"mobile":{"background-color":"var(--ast-global-color-5)","background-image":"","background-repeat":"repeat","background-position":"center center","background-size":"auto","background-attachment":"scroll","background-type":"","background-media":"","overlay-type":"","overlay-color":"","overlay-opacity":"","overlay-gradient":""}},"footnotes":""},"class_list":["post-1346","page","type-page","status-publish","hentry"],"yoast_head":"<!-- This site is optimized with the Yoast SEO plugin v27.2 - https:\/\/yoast.com\/product\/yoast-seo-wordpress\/ -->\n<title>Home - S.K.C Frischauf Weilheim<\/title>\n<meta name=\"robots\" content=\"noindex, follow, max-snippet:-1, max-image-preview:large, max-video-preview:-1\" \/>\n<meta property=\"og:locale\" content=\"de_DE\" \/>\n<meta property=\"og:type\" content=\"article\" \/>\n<meta property=\"og:title\" content=\"Home - S.K.C Frischauf Weilheim\" \/>\n<meta property=\"og:description\" content=\"Willkommen beim S.K.C Frischauf Weilheim Wir sind ein traditionsreicher Klub aus Weilheim in Oberbayern. Wir bitten sportlich Aktivit\u00e4t mit famili\u00e4ren Umgang mit Regeln m\u00e4\u00dfigen Training und Teilnahme an Wettk\u00e4mpfen und Turnieren. Mehr \u00dcber Uns\" \/>\n<meta property=\"og:url\" content=\"https:\/\/staging.fa-weilheim.de\/var\/www\/html\/\" \/>\n<meta property=\"og:site_name\" content=\"S.K.C Frischauf Weilheim\" \/>\n<meta property=\"article:modified_time\" content=\"2025-01-28T20:28:36+00:00\" \/>\n<meta property=\"og:image\" content=\"https:\/\/staging.fa-weilheim.de\/wp-content\/uploads\/2023\/08\/WhatsApp-Bild-2023-08-16-um-12.22.03.jpg1_.jpg\" \/>\n<meta name=\"twitter:card\" content=\"summary_large_image\" \/>\n<meta name=\"twitter:label1\" content=\"Gesch\u00e4tzte Lesezeit\" \/>\n\t<meta name=\"twitter:data1\" content=\"1\u00a0Minute\" \/>\n<script type=\"application\/ld+json\" class=\"yoast-schema-graph\">{\"@context\":\"https:\/\/schema.org\",\"@graph\":[{\"@type\":\"WebPage\",\"@id\":\"https:\/\/staging.fa-weilheim.de\/var\/www\/html\/\",\"url\":\"https:\/\/staging.fa-weilheim.de\/var\/www\/html\/\",\"name\":\"Home - S.K.C Frischauf Weilheim\",\"isPartOf\":{\"@id\":\"https:\/\/staging.fa-weilheim.de\/var\/www\/html\/#website\"},\"primaryImageOfPage\":{\"@id\":\"https:\/\/staging.fa-weilheim.de\/var\/www\/html\/#primaryimage\"},\"image\":{\"@id\":\"https:\/\/staging.fa-weilheim.de\/var\/www\/html\/#primaryimage\"},\"thumbnailUrl\":\"https:\/\/staging.fa-weilheim.de\/wp-content\/uploads\/2023\/08\/WhatsApp-Bild-2023-08-16-um-12.22.03.jpg1_.jpg\",\"datePublished\":\"2021-03-29T07:04:06+00:00\",\"dateModified\":\"2025-01-28T20:28:36+00:00\",\"breadcrumb\":{\"@id\":\"https:\/\/staging.fa-weilheim.de\/var\/www\/html\/#breadcrumb\"},\"inLanguage\":\"de\",\"potentialAction\":[{\"@type\":\"ReadAction\",\"target\":[\"https:\/\/staging.fa-weilheim.de\/var\/www\/html\/\"]}]},{\"@type\":\"ImageObject\",\"inLanguage\":\"de\",\"@id\":\"https:\/\/staging.fa-weilheim.de\/var\/www\/html\/#primaryimage\",\"url\":\"https:\/\/staging.fa-weilheim.de\/wp-content\/uploads\/2023\/08\/WhatsApp-Bild-2023-08-16-um-12.22.03.jpg1_.jpg\",\"contentUrl\":\"https:\/\/staging.fa-weilheim.de\/wp-content\/uploads\/2023\/08\/WhatsApp-Bild-2023-08-16-um-12.22.03.jpg1_.jpg\"},{\"@type\":\"BreadcrumbList\",\"@id\":\"https:\/\/staging.fa-weilheim.de\/var\/www\/html\/#breadcrumb\",\"itemListElement\":[{\"@type\":\"ListItem\",\"position\":1,\"name\":\"Home\",\"item\":\"https:\/\/staging.fa-weilheim.de\/var\/www\/html\/\"},{\"@type\":\"ListItem\",\"position\":2,\"name\":\"Home\"}]},{\"@type\":\"WebSite\",\"@id\":\"https:\/\/staging.fa-weilheim.de\/var\/www\/html\/#website\",\"url\":\"https:\/\/staging.fa-weilheim.de\/var\/www\/html\/\",\"name\":\"S.K.C Frischauf Weilheim\",\"description\":\"Sportkegel-Club Frischauf Weilheim\",\"publisher\":{\"@id\":\"https:\/\/staging.fa-weilheim.de\/var\/www\/html\/#organization\"},\"potentialAction\":[{\"@type\":\"SearchAction\",\"target\":{\"@type\":\"EntryPoint\",\"urlTemplate\":\"https:\/\/staging.fa-weilheim.de\/var\/www\/html\/?s={search_term_string}\"},\"query-input\":{\"@type\":\"PropertyValueSpecification\",\"valueRequired\":true,\"valueName\":\"search_term_string\"}}],\"inLanguage\":\"de\"},{\"@type\":\"Organization\",\"@id\":\"https:\/\/staging.fa-weilheim.de\/var\/www\/html\/#organization\",\"name\":\"S.K.C Frischauf Weilheim\",\"url\":\"https:\/\/staging.fa-weilheim.de\/var\/www\/html\/\",\"logo\":{\"@type\":\"ImageObject\",\"inLanguage\":\"de\",\"@id\":\"https:\/\/staging.fa-weilheim.de\/var\/www\/html\/#\/schema\/logo\/image\/\",\"url\":\"https:\/\/staging.fa-weilheim.de\/wp-content\/uploads\/2023\/07\/WW.png\",\"contentUrl\":\"https:\/\/staging.fa-weilheim.de\/wp-content\/uploads\/2023\/07\/WW.png\",\"width\":603,\"height\":779,\"caption\":\"S.K.C Frischauf Weilheim\"},\"image\":{\"@id\":\"https:\/\/staging.fa-weilheim.de\/var\/www\/html\/#\/schema\/logo\/image\/\"}}]}<\/script>\n<!-- \/ Yoast SEO plugin. -->","yoast_head_json":{"title":"Home - S.K.C Frischauf Weilheim","robots":{"index":"noindex","follow":"follow","max-snippet":"max-snippet:-1","max-image-preview":"max-image-preview:large","max-video-preview":"max-video-preview:-1"},"og_locale":"de_DE","og_type":"article","og_title":"Home - S.K.C Frischauf Weilheim","og_description":"Willkommen beim S.K.C Frischauf Weilheim Wir sind ein traditionsreicher Klub aus Weilheim in Oberbayern. Wir bitten sportlich Aktivit\u00e4t mit famili\u00e4ren Umgang mit Regeln m\u00e4\u00dfigen Training und Teilnahme an Wettk\u00e4mpfen und Turnieren. Mehr \u00dcber Uns","og_url":"https:\/\/staging.fa-weilheim.de\/var\/www\/html\/","og_site_name":"S.K.C Frischauf Weilheim","article_modified_time":"2025-01-28T20:28:36+00:00","og_image":[{"url":"https:\/\/staging.fa-weilheim.de\/wp-content\/uploads\/2023\/08\/WhatsApp-Bild-2023-08-16-um-12.22.03.jpg1_.jpg","type":"","width":"","height":""}],"twitter_card":"summary_large_image","twitter_misc":{"Gesch\u00e4tzte Lesezeit":"1\u00a0Minute"},"schema":{"@context":"https:\/\/schema.org","@graph":[{"@type":"WebPage","@id":"https:\/\/staging.fa-weilheim.de\/var\/www\/html\/","url":"https:\/\/staging.fa-weilheim.de\/var\/www\/html\/","name":"Home - S.K.C Frischauf Weilheim","isPartOf":{"@id":"https:\/\/staging.fa-weilheim.de\/var\/www\/html\/#website"},"primaryImageOfPage":{"@id":"https:\/\/staging.fa-weilheim.de\/var\/www\/html\/#primaryimage"},"image":{"@id":"https:\/\/staging.fa-weilheim.de\/var\/www\/html\/#primaryimage"},"thumbnailUrl":"https:\/\/staging.fa-weilheim.de\/wp-content\/uploads\/2023\/08\/WhatsApp-Bild-2023-08-16-um-12.22.03.jpg1_.jpg","datePublished":"2021-03-29T07:04:06+00:00","dateModified":"2025-01-28T20:28:36+00:00","breadcrumb":{"@id":"https:\/\/staging.fa-weilheim.de\/var\/www\/html\/#breadcrumb"},"inLanguage":"de","potentialAction":[{"@type":"ReadAction","target":["https:\/\/staging.fa-weilheim.de\/var\/www\/html\/"]}]},{"@type":"ImageObject","inLanguage":"de","@id":"https:\/\/staging.fa-weilheim.de\/var\/www\/html\/#primaryimage","url":"https:\/\/staging.fa-weilheim.de\/wp-content\/uploads\/2023\/08\/WhatsApp-Bild-2023-08-16-um-12.22.03.jpg1_.jpg","contentUrl":"https:\/\/staging.fa-weilheim.de\/wp-content\/uploads\/2023\/08\/WhatsApp-Bild-2023-08-16-um-12.22.03.jpg1_.jpg"},{"@type":"BreadcrumbList","@id":"https:\/\/staging.fa-weilheim.de\/var\/www\/html\/#breadcrumb","itemListElement":[{"@type":"ListItem","position":1,"name":"Home","item":"https:\/\/staging.fa-weilheim.de\/var\/www\/html\/"},{"@type":"ListItem","position":2,"name":"Home"}]},{"@type":"WebSite","@id":"https:\/\/staging.fa-weilheim.de\/var\/www\/html\/#website","url":"https:\/\/staging.fa-weilheim.de\/var\/www\/html\/","name":"S.K.C Frischauf Weilheim","description":"Sportkegel-Club Frischauf Weilheim","publisher":{"@id":"https:\/\/staging.fa-weilheim.de\/var\/www\/html\/#organization"},"potentialAction":[{"@type":"SearchAction","target":{"@type":"EntryPoint","urlTemplate":"https:\/\/staging.fa-weilheim.de\/var\/www\/html\/?s={search_term_string}"},"query-input":{"@type":"PropertyValueSpecification","valueRequired":true,"valueName":"search_term_string"}}],"inLanguage":"de"},{"@type":"Organization","@id":"https:\/\/staging.fa-weilheim.de\/var\/www\/html\/#organization","name":"S.K.C Frischauf Weilheim","url":"https:\/\/staging.fa-weilheim.de\/var\/www\/html\/","logo":{"@type":"ImageObject","inLanguage":"de","@id":"https:\/\/staging.fa-weilheim.de\/var\/www\/html\/#\/schema\/logo\/image\/","url":"https:\/\/staging.fa-weilheim.de\/wp-content\/uploads\/2023\/07\/WW.png","contentUrl":"https:\/\/staging.fa-weilheim.de\/wp-content\/uploads\/2023\/07\/WW.png","width":603,"height":779,"caption":"S.K.C Frischauf Weilheim"},"image":{"@id":"https:\/\/staging.fa-weilheim.de\/var\/www\/html\/#\/schema\/logo\/image\/"}}]}},"_links":{"self":[{"href":"https:\/\/staging.fa-weilheim.de\/var\/www\/html\/index.php?rest_route=\/wp\/v2\/pages\/1346","targetHints":{"allow":["GET"]}}],"collection":[{"href":"https:\/\/staging.fa-weilheim.de\/var\/www\/html\/index.php?rest_route=\/wp\/v2\/pages"}],"about":[{"href":"https:\/\/staging.fa-weilheim.de\/var\/www\/html\/index.php?rest_route=\/wp\/v2\/types\/page"}],"author":[{"embeddable":true,"href":"https:\/\/staging.fa-weilheim.de\/var\/www\/html\/index.php?rest_route=\/wp\/v2\/users\/2"}],"replies":[{"embeddable":true,"href":"https:\/\/staging.fa-weilheim.de\/var\/www\/html\/index.php?rest_route=%2Fwp%2Fv2%2Fcomments&post=1346"}],"version-history":[{"count":95,"href":"https:\/\/staging.fa-weilheim.de\/var\/www\/html\/index.php?rest_route=\/wp\/v2\/pages\/1346\/revisions"}],"predecessor-version":[{"id":1547,"href":"https:\/\/staging.fa-weilheim.de\/var\/www\/html\/index.php?rest_route=\/wp\/v2\/pages\/1346\/revisions\/1547"}],"wp:attachment":[{"href":"https:\/\/staging.fa-weilheim.de\/var\/www\/html\/index.php?rest_route=%2Fwp%2Fv2%2Fmedia&parent=1346"}],"curies":[{"name":"wp","href":"https:\/\/api.w.org\/{rel}","templated":true}]}}